{"id":412,"date":"2017-05-30T17:31:49","date_gmt":"2017-05-30T15:31:49","guid":{"rendered":"http:\/\/sandrinewillems.com\/?page_id=412"},"modified":"2024-02-12T17:39:25","modified_gmt":"2024-02-12T16:39:25","slug":"new-livres","status":"publish","type":"page","link":"http:\/\/sandrinewillems.com\/?page_id=412","title":{"rendered":"Livres"},"content":{"rendered":"<p><em><br \/><img decoding=\"async\" loading=\"lazy\" class=\"aligncenter wp-image-1641 size-full\" src=\"http:\/\/sandrinewillems.com\/wp-content\/uploads\/2024\/02\/frise-livres-03e.png\" alt=\"\" width=\"1092\" height=\"300\" srcset=\"http:\/\/sandrinewillems.com\/wp-content\/uploads\/2024\/02\/frise-livres-03e.png 1092w, http:\/\/sandrinewillems.com\/wp-content\/uploads\/2024\/02\/frise-livres-03e-300x82.png 300w, http:\/\/sandrinewillems.com\/wp-content\/uploads\/2024\/02\/frise-livres-03e-700x192.png 700w, http:\/\/sandrinewillems.com\/wp-content\/uploads\/2024\/02\/frise-livres-03e-768x211.png 768w\" sizes=\"(max-width: 709px) 85vw, (max-width: 909px) 67vw, (max-width: 1362px) 62vw, 840px\" \/><br \/><\/em><span style=\"font-size: 20px; font-family: georgia, palatino, serif;\"><strong>Vies fictionnelles<\/strong><\/span><\/p>\n<p><em><a href=\"http:\/\/sandrinewillems.com\/?page_id=16\">Una Voce poco fa \u2013 un chant de Maria Malibran<\/a>, <\/em>roman, \u00e9ditions Autrement, 2000<br \/><a href=\"http:\/\/sandrinewillems.com\/?page_id=19\"><em>Les petits dieux<\/em><\/a>, onze \u00ab\u00a0romans miniatures\u00a0\u00bb, Les Impressions Nouvelles, 2001-2002 &#8211; \u00e9crits avec le soutien de la Communaut\u00e9 Fran\u00e7aise de Belgique\u00a0; s\u00e9lectionn\u00e9 parmi les finalistes du prix Rossel 2002 ; prix \u00a0\u00bb Nouvelles \u00a0\u00bb 2004 de l\u2019Acad\u00e9mie de l\u2019Acad\u00e9mie royale de langue et de litt\u00e9rature fran\u00e7aises de Belgique\u00a0; r\u00e9\u00e9dition partielle chez Espace Nord, en 2017<br \/><em><a href=\"http:\/\/sandrinewillems.com\/?page_id=23\">Le Roman dans les ronces, ou la l\u00e9gende de Charles VI, roi fou, et de sa servante<\/a>,<\/em> Les Impressions Nouvelles, 2003\u00a0&#8211; s\u00e9lectionn\u00e9 parmi les finalistes du prix Rossel 2003<br \/><em><a href=\"http:\/\/sandrinewillems.com\/?page_id=27\">Le Sourire de B\u00e9r\u00e9nice<\/a>, <\/em>Les Impressions Nouvelles, 2004<br \/><em><a href=\"http:\/\/sandrinewillems.com\/?page_id=30\">El\u00e9gie \u00e0 Michel-Ange<\/a>,<\/em> Les Impressions Nouvelles, 2005\u00a0; \u00e9crit avec le soutien de la Communaut\u00e9 Fran\u00e7aise de Belgique<br \/><a href=\"http:\/\/sandrinewillems.com\/?page_id=33\"><em>A l\u2019Esp\u00e8re<\/em><\/a>, Les Impressions Nouvelles, 2008\u00a0; aide \u00e0 l\u2019\u00e9criture d\u2019un roman, du Centre National du Livre<br \/><em><a href=\"http:\/\/sandrinewillems.com\/?page_id=37\">Eros en son absence<\/a>,<\/em> Les Impressions Nouvelles, 2009<br \/><em><a href=\"http:\/\/sandrinewillems.com\/?page_id=40\">L\u2019extr\u00eame<\/a>, <\/em>Les Impressions Nouvelles, 2010 \u2013 s\u00e9lectionn\u00e9 parmi les finalistes du prix des Cinq continents de la Francophonie en 2011<br \/><em><a href=\"http:\/\/sandrinewillems.com\/?page_id=1018\">Consoler Schubert<\/a>, <\/em>roman, Les Impressions Nouvelles, 2020<\/p>\n<h6><img decoding=\"async\" loading=\"lazy\" class=\"alignnone wp-image-1463 size-full\" src=\"http:\/\/sandrinewillems.com\/wp-content\/uploads\/2023\/10\/frise-livres-02c.png\" alt=\"\" width=\"1092\" height=\"300\" srcset=\"http:\/\/sandrinewillems.com\/wp-content\/uploads\/2023\/10\/frise-livres-02c.png 1092w, http:\/\/sandrinewillems.com\/wp-content\/uploads\/2023\/10\/frise-livres-02c-300x82.png 300w, http:\/\/sandrinewillems.com\/wp-content\/uploads\/2023\/10\/frise-livres-02c-700x192.png 700w, http:\/\/sandrinewillems.com\/wp-content\/uploads\/2023\/10\/frise-livres-02c-768x211.png 768w\" sizes=\"(max-width: 709px) 85vw, (max-width: 909px) 67vw, (max-width: 1362px) 62vw, 840px\" \/><\/h6>\n<p><span style=\"font-size: 20px; font-family: georgia, palatino, serif;\"><strong>Essais<\/strong><\/span><\/p>\n<p><em><a href=\"http:\/\/sandrinewillems.com\/?page_id=51\">L\u2019animal \u00e0 l\u2019\u00e2me \u2013 de l\u2019animal-sujet aux psychoth\u00e9rapies accompagn\u00e9es par des animaux<\/a><\/em>, Le Seuil, 2011 &#8211; prix essai 2012 de l\u2019Acad\u00e9mie royale de langue et de litt\u00e9rature fran\u00e7aises de Belgique<br \/><a href=\"http:\/\/sandrinewillems.com\/?page_id=45\"><em>Carnets de l\u2019autre amour<\/em><\/a>, suivi<em> de L\u2019incendi\u00e9e, <\/em>Les Impressions Nouvelles, 2014<br \/><a href=\"http:\/\/sandrinewillems.com\/?page_id=54\"><em>Addictions et<\/em> <em>reliances<\/em><\/a>, Les Impressions Nouvelles, 2017\u00a0; aide \u00e0 l\u2019\u00e9criture d\u2019un essai, du Centre National du Livre.<br \/><a href=\"http:\/\/sandrinewillems.com\/?page_id=965\"><em>Devenir oiseau &#8211; introduction \u00e0 la vie gratuite<\/em><\/a>, Les Impressions Nouvelles, 2018 &#8211;\u00a0s\u00e9lectionn\u00e9 parmi les finalistes du prix Rossel 2018 ; prix\u00a0essai 2019 de l\u2019Acad\u00e9mie royale de langue et de litt\u00e9rature fran\u00e7aises de Belgique<br \/><em><a href=\"http:\/\/sandrinewillems.com\/?page_id=1032\">Au c\u0153ur\u00a0des hommes :\u00a0Enqu\u00eate sur les affects masculins<\/a>, <\/em>Les Impressions Nouvelles, 2022<br \/><em><a href=\"http:\/\/sandrinewillems.com\/?page_id=1024\">La parole comme voie spirituelle : Dialogue avec l&rsquo;Inde<\/a>,<\/em> Le Seuil, 2023<\/p>\n<h6><img decoding=\"async\" loading=\"lazy\" class=\"aligncenter wp-image-1566 size-full\" src=\"http:\/\/sandrinewillems.com\/wp-content\/uploads\/2023\/11\/frise-livres-01d.png\" alt=\"\" width=\"1120\" height=\"300\" srcset=\"http:\/\/sandrinewillems.com\/wp-content\/uploads\/2023\/11\/frise-livres-01d.png 1120w, http:\/\/sandrinewillems.com\/wp-content\/uploads\/2023\/11\/frise-livres-01d-300x80.png 300w, http:\/\/sandrinewillems.com\/wp-content\/uploads\/2023\/11\/frise-livres-01d-700x188.png 700w, http:\/\/sandrinewillems.com\/wp-content\/uploads\/2023\/11\/frise-livres-01d-768x206.png 768w\" sizes=\"(max-width: 709px) 85vw, (max-width: 909px) 67vw, (max-width: 1362px) 62vw, 840px\" \/><\/h6>\n<p><span style=\"font-family: georgia, palatino, serif; font-size: 20px;\"><strong>Textes in\u00e9dits<\/strong><\/span><\/p>\n<p><em><a href=\"http:\/\/sandrinewillems.com\/?page_id=709\">De fleurs, d&rsquo;air et de murmures<\/a><\/em> (2017)<br \/><em><a href=\"http:\/\/sandrinewillems.com\/?page_id=714\">L&rsquo;amaryllis et la mis\u00e8re<\/a> <\/em><em>(Jardins et tombeaux,<\/em> 2006<em>)\u00a0<\/em><\/p>\n\n\n<p class=\"has-text-align-center\"><strong><a href=\"http:\/\/sandrinewillems.com\/\" data-type=\"page\" data-id=\"2\">Retour<\/a><\/strong><\/p>\n","protected":false},"excerpt":{"rendered":"<p>Vies fictionnelles Una Voce poco fa \u2013 un chant de Maria Malibran, roman, \u00e9ditions Autrement, 2000Les petits dieux, onze \u00ab\u00a0romans miniatures\u00a0\u00bb, Les Impressions Nouvelles, 2001-2002 &#8211; \u00e9crits avec le soutien de la Communaut\u00e9 Fran\u00e7aise de Belgique\u00a0; s\u00e9lectionn\u00e9 parmi les finalistes du prix Rossel 2002 ; prix \u00a0\u00bb Nouvelles \u00a0\u00bb 2004 de l\u2019Acad\u00e9mie de l\u2019Acad\u00e9mie royale &hellip; <a href=\"http:\/\/sandrinewillems.com\/?page_id=412\" class=\"more-link\">Continuer la lecture<span class=\"screen-reader-text\"> de &laquo;&nbsp;Livres&nbsp;&raquo;<\/span><\/a><\/p>\n","protected":false},"author":1,"featured_media":0,"parent":0,"menu_order":0,"comment_status":"closed","ping_status":"closed","template":"","meta":[],"_links":{"self":[{"href":"http:\/\/sandrinewillems.com\/index.php?rest_route=\/wp\/v2\/pages\/412"}],"collection":[{"href":"http:\/\/sandrinewillems.com\/index.php?rest_route=\/wp\/v2\/pages"}],"about":[{"href":"http:\/\/sandrinewillems.com\/index.php?rest_route=\/wp\/v2\/types\/page"}],"author":[{"embeddable":true,"href":"http:\/\/sandrinewillems.com\/index.php?rest_route=\/wp\/v2\/users\/1"}],"replies":[{"embeddable":true,"href":"http:\/\/sandrinewillems.com\/index.php?rest_route=%2Fwp%2Fv2%2Fcomments&post=412"}],"version-history":[{"count":68,"href":"http:\/\/sandrinewillems.com\/index.php?rest_route=\/wp\/v2\/pages\/412\/revisions"}],"predecessor-version":[{"id":1643,"href":"http:\/\/sandrinewillems.com\/index.php?rest_route=\/wp\/v2\/pages\/412\/revisions\/1643"}],"wp:attachment":[{"href":"http:\/\/sandrinewillems.com\/index.php?rest_route=%2Fwp%2Fv2%2Fmedia&parent=412"}],"curies":[{"name":"wp","href":"https:\/\/api.w.org\/{rel}","templated":true}]}}

<p><em><br /><img decoding="async" loading="lazy" class="aligncenter wp-image-1641 size-full" src="http://sandrinewillems.com/wp-content/uploads/2024/02/frise-livres-03e.png" alt="" width="1092" height="300" srcset="http://sandrinewillems.com/wp-content/uploads/2024/02/frise-livres-03e.png 1092w, http://sandrinewillems.com/wp-content/uploads/2024/02/frise-livres-03e-300x82.png 300w, http://sandrinewillems.com/wp-content/uploads/2024/02/frise-livres-03e-700x192.png 700w, http://sandrinewillems.com/wp-content/uploads/2024/02/frise-livres-03e-768x211.png 768w" sizes="(max-width: 709px) 85vw, (max-width: 909px) 67vw, (max-width: 1362px) 62vw, 840px" /><br /></em><span style="font-size: 20px; font-family: georgia, palatino, serif;"><strong>Vies fictionnelles</strong></span></p>
<p><em><a href="http://sandrinewillems.com/?page_id=16">Una Voce poco fa – un chant de Maria Malibran</a>, </em>roman, éditions Autrement, 2000<br /><a href="http://sandrinewillems.com/?page_id=19"><em>Les petits dieux</em></a>, onze « romans miniatures », Les Impressions Nouvelles, 2001-2002 &#8211; écrits avec le soutien de la Communauté Française de Belgique ; sélectionné parmi les finalistes du prix Rossel 2002 ; prix  » Nouvelles  » 2004 de l’Académie de l’Académie royale de langue et de littérature françaises de Belgique ; réédition partielle chez Espace Nord, en 2017<br /><em><a href="http://sandrinewillems.com/?page_id=23">Le Roman dans les ronces, ou la légende de Charles VI, roi fou, et de sa servante</a>,</em> Les Impressions Nouvelles, 2003 &#8211; sélectionné parmi les finalistes du prix Rossel 2003<br /><em><a href="http://sandrinewillems.com/?page_id=27">Le Sourire de Bérénice</a>, </em>Les Impressions Nouvelles, 2004<br /><em><a href="http://sandrinewillems.com/?page_id=30">Elégie à Michel-Ange</a>,</em> Les Impressions Nouvelles, 2005 ; écrit avec le soutien de la Communauté Française de Belgique<br /><a href="http://sandrinewillems.com/?page_id=33"><em>A l’Espère</em></a>, Les Impressions Nouvelles, 2008 ; aide à l’écriture d’un roman, du Centre National du Livre<br /><em><a href="http://sandrinewillems.com/?page_id=37">Eros en son absence</a>,</em> Les Impressions Nouvelles, 2009<br /><em><a href="http://sandrinewillems.com/?page_id=40">L’extrême</a>, </em>Les Impressions Nouvelles, 2010 – sélectionné parmi les finalistes du prix des Cinq continents de la Francophonie en 2011<br /><em><a href="http://sandrinewillems.com/?page_id=1018">Consoler Schubert</a>, </em>roman, Les Impressions Nouvelles, 2020</p>
<h6><img decoding="async" loading="lazy" class="alignnone wp-image-1463 size-full" src="http://sandrinewillems.com/wp-content/uploads/2023/10/frise-livres-02c.png" alt="" width="1092" height="300" srcset="http://sandrinewillems.com/wp-content/uploads/2023/10/frise-livres-02c.png 1092w, http://sandrinewillems.com/wp-content/uploads/2023/10/frise-livres-02c-300x82.png 300w, http://sandrinewillems.com/wp-content/uploads/2023/10/frise-livres-02c-700x192.png 700w, http://sandrinewillems.com/wp-content/uploads/2023/10/frise-livres-02c-768x211.png 768w" sizes="(max-width: 709px) 85vw, (max-width: 909px) 67vw, (max-width: 1362px) 62vw, 840px" /></h6>
<p><span style="font-size: 20px; font-family: georgia, palatino, serif;"><strong>Essais</strong></span></p>
<p><em><a href="http://sandrinewillems.com/?page_id=51">L’animal à l’âme – de l’animal-sujet aux psychothérapies accompagnées par des animaux</a></em>, Le Seuil, 2011 &#8211; prix essai 2012 de l’Académie royale de langue et de littérature françaises de Belgique<br /><a href="http://sandrinewillems.com/?page_id=45"><em>Carnets de l’autre amour</em></a>, suivi<em> de L’incendiée, </em>Les Impressions Nouvelles, 2014<br /><a href="http://sandrinewillems.com/?page_id=54"><em>Addictions et</em> <em>reliances</em></a>, Les Impressions Nouvelles, 2017 ; aide à l’écriture d’un essai, du Centre National du Livre.<br /><a href="http://sandrinewillems.com/?page_id=965"><em>Devenir oiseau &#8211; introduction à la vie gratuite</em></a>, Les Impressions Nouvelles, 2018 &#8211; sélectionné parmi les finalistes du prix Rossel 2018 ; prix essai 2019 de l’Académie royale de langue et de littérature françaises de Belgique<br /><em><a href="http://sandrinewillems.com/?page_id=1032">Au cœur des hommes : Enquête sur les affects masculins</a>, </em>Les Impressions Nouvelles, 2022<br /><em><a href="http://sandrinewillems.com/?page_id=1024">La parole comme voie spirituelle : Dialogue avec l&rsquo;Inde</a>,</em> Le Seuil, 2023</p>
<h6><img decoding="async" loading="lazy" class="aligncenter wp-image-1566 size-full" src="http://sandrinewillems.com/wp-content/uploads/2023/11/frise-livres-01d.png" alt="" width="1120" height="300" srcset="http://sandrinewillems.com/wp-content/uploads/2023/11/frise-livres-01d.png 1120w, http://sandrinewillems.com/wp-content/uploads/2023/11/frise-livres-01d-300x80.png 300w, http://sandrinewillems.com/wp-content/uploads/2023/11/frise-livres-01d-700x188.png 700w, http://sandrinewillems.com/wp-content/uploads/2023/11/frise-livres-01d-768x206.png 768w" sizes="(max-width: 709px) 85vw, (max-width: 909px) 67vw, (max-width: 1362px) 62vw, 840px" /></h6>
<p><span style="font-family: georgia, palatino, serif; font-size: 20px;"><strong>Textes inédits</strong></span></p>
<p><em><a href="http://sandrinewillems.com/?page_id=709">De fleurs, d&rsquo;air et de murmures</a></em> (2017)<br /><em><a href="http://sandrinewillems.com/?page_id=714">L&rsquo;amaryllis et la misère</a> </em><em>(Jardins et tombeaux,</em> 2006<em>) </em></p>


<p class="has-text-align-center"><strong><a href="http://sandrinewillems.com/" data-type="page" data-id="2">Retour</a></strong></p>

<p>Vies fictionnelles Una Voce poco fa – un chant de Maria Malibran, roman, éditions Autrement, 2000Les petits dieux, onze « romans miniatures », Les Impressions Nouvelles, 2001-2002 &#8211; écrits avec le soutien de la Communauté Française de Belgique ; sélectionné parmi les finalistes du prix Rossel 2002 ; prix  » Nouvelles  » 2004 de l’Académie de l’Académie royale &hellip; <a href="http://sandrinewillems.com/?page_id=412" class="more-link">Continuer la lecture<span class="screen-reader-text"> de &laquo;&nbsp;Livres&nbsp;&raquo;</span></a></p>
