{"id":30,"date":"2016-07-17T15:45:13","date_gmt":"2016-07-17T13:45:13","guid":{"rendered":"http:\/\/sandrinewillems.com\/?page_id=30"},"modified":"2023-07-27T15:01:24","modified_gmt":"2023-07-27T13:01:24","slug":"elegie-a-michel-ange","status":"publish","type":"page","link":"http:\/\/sandrinewillems.com\/?page_id=30","title":{"rendered":"\u00c9l\u00e9gie \u00e0 Michel-Ange"},"content":{"rendered":"<p><strong><img decoding=\"async\" loading=\"lazy\" class=\"aligncenter wp-image-31 size-full\" title=\"\u00c9l\u00e9gie \u00e0 Michel-Ange\" src=\"http:\/\/sandrinewillems.com\/wp-content\/uploads\/2016\/07\/couverture-michel-ange.jpg\" alt=\"\u00c9l\u00e9gie \u00e0 Michel-Ange\" width=\"425\" height=\"600\" srcset=\"http:\/\/sandrinewillems.com\/wp-content\/uploads\/2016\/07\/couverture-michel-ange.jpg 425w, http:\/\/sandrinewillems.com\/wp-content\/uploads\/2016\/07\/couverture-michel-ange-213x300.jpg 213w\" sizes=\"(max-width: 425px) 85vw, 425px\" \/><\/strong><\/p>\n<p>Aux yeux de Michel-Ange, sa carri\u00e8re ne fut qu\u2019une suite d\u2019\u00e9checs \u2013 \u0153uvres manqu\u00e9es, inachev\u00e9es ou d\u00e9truites. Au fil de sa correspondance, il ne cesse de maudire un travail qui le condamne \u00e0 la solitude et l\u2019emp\u00eache de vivre. Et ce ne sera qu\u2019\u00e0 l\u2019approche de ses soixante ans qu\u2019une explosion affective viendra l\u2019arracher \u00e0 son \u0153uvre\u00a0: le vieil homme, alors, se consumera pour des jeunes gens qui se refuseront \u00e0 lui \u2013 ou l\u2019utiliseront. Et quand il se remettra \u00e0 la t\u00e2che, s\u2019\u00e9puisant jusqu\u2019\u00e0 son dernier souffle sur le chantier de Saint\u2011Pierre, ce sera comme un mort vivant.<\/p>\n<p>Comme si, par son labeur acharn\u00e9, ce personnage tortur\u00e9, impossible, et br\u00fblant, n\u2019avait fait que rechercher, vainement, l\u2019amour des hommes ou de Dieu.<\/p>\n<p>Entre mythe et r\u00e9alit\u00e9, lyrisme et m\u00e9ditation, ponctu\u00e9e par ses po\u00e9sies et ses \u0153uvres de pierre (photographi\u00e9es par Marie-Fran\u00e7oise Plissart), sa vie se livre ici telle que l\u2019aurait racont\u00e9e son dernier amour.<\/p>\n<hr \/>\n<p style=\"text-align: center;\"><a href=\"http:\/\/sandrinewillems.com\/?page_id=1208\"><strong>Lire un extrait<\/strong><\/a><\/p>\n<hr \/>\n<p><strong>Presse :\u00a0<\/strong><\/p>\n<p>\u00ab\u00a0Il y a une qualit\u00e9 d\u2019\u00e9criture qui s\u2019autorise \u00e0 imaginer\u00a0 mais s\u2019interdit des fantaisies et dont le rendu sonne juste.\u00a0\u00bb<br \/>\nJack Keguenne,\u00a0<em>Le Carnet et les instants<\/em>, 2008<\/p>\n<p>\u00ab\u00a0Si El\u00e9gie \u00e0 Michel-Ange, le travail \u00e0 quatre mains de la romanci\u00e8re Sandrine Willems et de la photographe Marie-Fran\u00e7oise Plissart, est un livre singulier, pour ne pas dire exceptionnel, c\u2019est aussi parce que ce livre, en plus de trouver des solutions originales \u00e0 des probl\u00e8mes tr\u00e8s anciens, int\u00e8gre aussi une r\u00e9flexion sur les questions fondamentales entre photographie et fiction dans le domaine du texte romanesque. (\u2026)<br \/>\nCette qu\u00eate d\u2019une voix, plus particuli\u00e8rement d\u2019une voix d\u2019autrui car la voix narrative dans les textes de Willems n\u2019est jamais autobiographique, est une tentative de s\u2019approcher \u00e0 travers la langue \u00e9crite de ce qu\u2019il y a de plus insaisissable, de plus \u00e9ph\u00e9m\u00e8re, de plus fragile dans la communication humaine.\u00a0\u00bb<br \/>\nJan Baetens,\u00a0<em>Visible n\u00b03<\/em>, 2008<\/p>\n<p style=\"text-align: center;\"><a href=\"http:\/\/sandrinewillems.com\/?page_id=412\"><strong>Retour<\/strong><\/a><\/p>\n","protected":false},"excerpt":{"rendered":"<p>Aux yeux de Michel-Ange, sa carri\u00e8re ne fut qu\u2019une suite d\u2019\u00e9checs \u2013 \u0153uvres manqu\u00e9es, inachev\u00e9es ou d\u00e9truites. Au fil de sa correspondance, il ne cesse de maudire un travail qui le condamne \u00e0 la solitude et l\u2019emp\u00eache de vivre. Et ce ne sera qu\u2019\u00e0 l\u2019approche de ses soixante ans qu\u2019une explosion affective viendra l\u2019arracher \u00e0 &hellip; <a href=\"http:\/\/sandrinewillems.com\/?page_id=30\" class=\"more-link\">Continuer la lecture<span class=\"screen-reader-text\"> de &laquo;&nbsp;\u00c9l\u00e9gie \u00e0 Michel-Ange&nbsp;&raquo;<\/span><\/a><\/p>\n","protected":false},"author":1,"featured_media":0,"parent":171,"menu_order":0,"comment_status":"closed","ping_status":"closed","template":"","meta":[],"_links":{"self":[{"href":"http:\/\/sandrinewillems.com\/index.php?rest_route=\/wp\/v2\/pages\/30"}],"collection":[{"href":"http:\/\/sandrinewillems.com\/index.php?rest_route=\/wp\/v2\/pages"}],"about":[{"href":"http:\/\/sandrinewillems.com\/index.php?rest_route=\/wp\/v2\/types\/page"}],"author":[{"embeddable":true,"href":"http:\/\/sandrinewillems.com\/index.php?rest_route=\/wp\/v2\/users\/1"}],"replies":[{"embeddable":true,"href":"http:\/\/sandrinewillems.com\/index.php?rest_route=%2Fwp%2Fv2%2Fcomments&post=30"}],"version-history":[{"count":10,"href":"http:\/\/sandrinewillems.com\/index.php?rest_route=\/wp\/v2\/pages\/30\/revisions"}],"predecessor-version":[{"id":1212,"href":"http:\/\/sandrinewillems.com\/index.php?rest_route=\/wp\/v2\/pages\/30\/revisions\/1212"}],"up":[{"embeddable":true,"href":"http:\/\/sandrinewillems.com\/index.php?rest_route=\/wp\/v2\/pages\/171"}],"wp:attachment":[{"href":"http:\/\/sandrinewillems.com\/index.php?rest_route=%2Fwp%2Fv2%2Fmedia&parent=30"}],"curies":[{"name":"wp","href":"https:\/\/api.w.org\/{rel}","templated":true}]}}

Élégie à Michel-Ange

<p><strong><img decoding="async" loading="lazy" class="aligncenter wp-image-31 size-full" title="Élégie à Michel-Ange" src="http://sandrinewillems.com/wp-content/uploads/2016/07/couverture-michel-ange.jpg" alt="Élégie à Michel-Ange" width="425" height="600" srcset="http://sandrinewillems.com/wp-content/uploads/2016/07/couverture-michel-ange.jpg 425w, http://sandrinewillems.com/wp-content/uploads/2016/07/couverture-michel-ange-213x300.jpg 213w" sizes="(max-width: 425px) 85vw, 425px" /></strong></p>
<p>Aux yeux de Michel-Ange, sa carrière ne fut qu’une suite d’échecs – œuvres manquées, inachevées ou détruites. Au fil de sa correspondance, il ne cesse de maudire un travail qui le condamne à la solitude et l’empêche de vivre. Et ce ne sera qu’à l’approche de ses soixante ans qu’une explosion affective viendra l’arracher à son œuvre : le vieil homme, alors, se consumera pour des jeunes gens qui se refuseront à lui – ou l’utiliseront. Et quand il se remettra à la tâche, s’épuisant jusqu’à son dernier souffle sur le chantier de Saint‑Pierre, ce sera comme un mort vivant.</p>
<p>Comme si, par son labeur acharné, ce personnage torturé, impossible, et brûlant, n’avait fait que rechercher, vainement, l’amour des hommes ou de Dieu.</p>
<p>Entre mythe et réalité, lyrisme et méditation, ponctuée par ses poésies et ses œuvres de pierre (photographiées par Marie-Françoise Plissart), sa vie se livre ici telle que l’aurait racontée son dernier amour.</p>
<hr />
<p style="text-align: center;"><a href="http://sandrinewillems.com/?page_id=1208"><strong>Lire un extrait</strong></a></p>
<hr />
<p><strong>Presse : </strong></p>
<p>« Il y a une qualité d’écriture qui s’autorise à imaginer  mais s’interdit des fantaisies et dont le rendu sonne juste. »<br />
Jack Keguenne, <em>Le Carnet et les instants</em>, 2008</p>
<p>« Si Elégie à Michel-Ange, le travail à quatre mains de la romancière Sandrine Willems et de la photographe Marie-Françoise Plissart, est un livre singulier, pour ne pas dire exceptionnel, c’est aussi parce que ce livre, en plus de trouver des solutions originales à des problèmes très anciens, intègre aussi une réflexion sur les questions fondamentales entre photographie et fiction dans le domaine du texte romanesque. (…)<br />
Cette quête d’une voix, plus particulièrement d’une voix d’autrui car la voix narrative dans les textes de Willems n’est jamais autobiographique, est une tentative de s’approcher à travers la langue écrite de ce qu’il y a de plus insaisissable, de plus éphémère, de plus fragile dans la communication humaine. »<br />
Jan Baetens, <em>Visible n°3</em>, 2008</p>
<p style="text-align: center;"><a href="http://sandrinewillems.com/?page_id=412"><strong>Retour</strong></a></p>

<p>Aux yeux de Michel-Ange, sa carrière ne fut qu’une suite d’échecs – œuvres manquées, inachevées ou détruites. Au fil de sa correspondance, il ne cesse de maudire un travail qui le condamne à la solitude et l’empêche de vivre. Et ce ne sera qu’à l’approche de ses soixante ans qu’une explosion affective viendra l’arracher à &hellip; <a href="http://sandrinewillems.com/?page_id=30" class="more-link">Continuer la lecture<span class="screen-reader-text"> de &laquo;&nbsp;Élégie à Michel-Ange&nbsp;&raquo;</span></a></p>
