{"id":1126,"date":"2023-07-21T11:17:10","date_gmt":"2023-07-21T09:17:10","guid":{"rendered":"http:\/\/sandrinewillems.com\/?page_id=1126"},"modified":"2023-09-20T16:49:35","modified_gmt":"2023-09-20T14:49:35","slug":"livres-publies-lies-au-travail-psy","status":"publish","type":"page","link":"http:\/\/sandrinewillems.com\/?page_id=1126","title":{"rendered":"Livres publi\u00e9s li\u00e9s au travail psy"},"content":{"rendered":"<div class=\"wp-block-image\">\n<figure class=\"aligncenter size-full is-resized\"><img decoding=\"async\" loading=\"lazy\" src=\"http:\/\/sandrinewillems.com\/wp-content\/uploads\/2016\/07\/animalalame.jpg\" alt=\"\" class=\"wp-image-52\" width=\"220\" height=\"322\" srcset=\"http:\/\/sandrinewillems.com\/wp-content\/uploads\/2016\/07\/animalalame.jpg 409w, http:\/\/sandrinewillems.com\/wp-content\/uploads\/2016\/07\/animalalame-205x300.jpg 205w\" sizes=\"(max-width: 220px) 85vw, 220px\" \/><\/figure><\/div>\n\n\n<p><strong>L\u2019animal \u00e0 l\u2019\u00e2me<\/strong><\/p>\n\n\n\n<p>Au croisement de la philosophie, de l\u2019\u00e9thologie et de la psychanalyse, ce livre explore la diversit\u00e9 des psychoth\u00e9rapies accompagn\u00e9es par des animaux, et interroge leurs fondements. Loin de se r\u00e9duire \u00e0 de simples substituts affectifs, objets de nos projections, il y appara\u00eet que les animaux sont de v\u00e9ritables sujets, dot\u00e9s de vie psychique et de personnalit\u00e9, d\u2019un autre mode que l\u2019humain \u2013 et que, comme tels, ils nous engagent dans des relations tout autres qu\u2019humaines.<br>A l\u2019heure o\u00f9 le soin psychique risque de se d\u00e9shumaniser, la relation aux animaux, engageant un dialogue particulier d\u2019\u00ab inconscient \u00e0 inconscient \u00bb, ram\u00e8ne \u00e0 ce que l\u2019affect a de plus vital et de plus archa\u00efque. Et \u00e0 l\u2019encontre des clivages entre corps et esprit, elle rappelle \u00e0 quel point ils sont intriqu\u00e9s.<\/p>\n\n\n\n<p class=\"has-text-align-center\"><strong><a href=\"http:\/\/sandrinewillems.com\/?page_id=1163\" data-type=\"page\" data-id=\"1163\">Lire un extrait<\/a><\/strong><\/p>\n\n\n\n<hr class=\"wp-block-separator has-alpha-channel-opacity\"\/>\n\n\n\n<p><br><\/p>\n\n\n<div class=\"wp-block-image\">\n<figure class=\"aligncenter size-large is-resized\"><img decoding=\"async\" loading=\"lazy\" src=\"http:\/\/sandrinewillems.com\/wp-content\/uploads\/2016\/07\/carnets_COUV-707x1024.jpg\" alt=\"Carnets de l'autre amour\" class=\"wp-image-44\" width=\"255\" height=\"370\" srcset=\"http:\/\/sandrinewillems.com\/wp-content\/uploads\/2016\/07\/carnets_COUV-707x1024.jpg 707w, http:\/\/sandrinewillems.com\/wp-content\/uploads\/2016\/07\/carnets_COUV-207x300.jpg 207w, http:\/\/sandrinewillems.com\/wp-content\/uploads\/2016\/07\/carnets_COUV-768x1112.jpg 768w, http:\/\/sandrinewillems.com\/wp-content\/uploads\/2016\/07\/carnets_COUV-1200x1737.jpg 1200w, http:\/\/sandrinewillems.com\/wp-content\/uploads\/2016\/07\/carnets_COUV.jpg 1713w\" sizes=\"(max-width: 255px) 85vw, 255px\" \/><\/figure><\/div>\n\n\n<p><br><strong>Carnets de l\u2019autre amour<\/strong><\/p>\n\n\n\n<p>\u00ab En devenant psy, aupr\u00e8s de toxicomanes et d\u2019alcooliques, qui par leur d\u00e9tresse et leur m\u00e9fiance en appellent \u00e0 un engagement assez radical, je d\u00e9couvris une forme de cet amour \u00e9largi, pouvant accueillir<br>\u00ab n\u2019importe qui \u00bb, auquel j\u2019avais toujours aspir\u00e9. Un amour sans attente, ou presque, mais qui re\u00e7oit non moins que ce qu\u2019il permet de donner, une \u00ab violente charit\u00e9 \u00bb, mais qui se concilie \u00e0 un certain d\u00e9tachement.<br>Dans le m\u00eame temps, \u00e0 relire tout ce que j\u2019avais gard\u00e9, depuis mes dix ans, de mes correspondances et mes notes, j\u2019en vins \u00e0 r\u00e9interroger ma fa\u00e7on d\u2019aimer. Or c\u2019\u00e9tait toujours la m\u00eame question, taraudante, sur ce qui peut mener un amour amoureux \u00e0 devenir \u00ab religieux \u00bb \u2013 adorant, \u00e0 travers un \u00eatre, ce qui le<br>d\u00e9passe. \u00bb<\/p>\n\n\n\n<p>Entre \u00ab journal spirituel \u00bb et essai, au fil d\u2019une pens\u00e9e en fragments, face \u00e0 ses contradictions et ses opacit\u00e9s, une interrogation sur ce qui relie, diff\u00e9rencie, nourrit mutuellement, amour  <br>\u00ab th\u00e9rapeutique \u00bb, amoureux&nbsp; et mystique.<\/p>\n\n\n\n<p><\/p>\n\n\n\n<p class=\"has-text-align-center\"><strong><a href=\"http:\/\/sandrinewillems.com\/?page_id=1169\" data-type=\"page\" data-id=\"1169\">Lire un extrait<\/a><\/strong><\/p>\n\n\n\n<hr class=\"wp-block-separator has-alpha-channel-opacity\"\/>\n\n\n\n<p><\/p>\n\n\n<div class=\"wp-block-image\">\n<figure class=\"aligncenter size-full is-resized\"><img decoding=\"async\" loading=\"lazy\" src=\"http:\/\/sandrinewillems.com\/wp-content\/uploads\/2023\/07\/AddictionsCOUVlight.jpg\" alt=\"\" class=\"wp-image-1128\" width=\"234\" height=\"339\" srcset=\"http:\/\/sandrinewillems.com\/wp-content\/uploads\/2023\/07\/AddictionsCOUVlight.jpg 400w, http:\/\/sandrinewillems.com\/wp-content\/uploads\/2023\/07\/AddictionsCOUVlight-207x300.jpg 207w\" sizes=\"(max-width: 234px) 85vw, 234px\" \/><\/figure><\/div>\n\n\n<p><strong>Addictions et reliances<\/strong><\/p>\n\n\n\n<p>Abord\u00e9e dans le vif de la relation psychoth\u00e9rapeutique, la probl\u00e9matique de l\u2019addiction r\u00e9v\u00e8le ici l\u2019un de ses paradoxes essentiels, le d\u00e9litement des liens y allant de pair avec une aspiration \u00e0 se relier au \u00ab tout \u00bb. Mais cet \u00e9lan \u00e0 la reliance, qui appara\u00eet l\u00e0 dans toute sa force, ne concerne-t-il pas fondamentalement tout sujet ? Et ne finit-il par \u00e9branler la notion m\u00eame de sujet, en tant qu\u2019il serait s\u00e9par\u00e9 du monde ?<br>Plut\u00f4t que de proposer une th\u00e9orie objectivante, il s\u2019agit ici d\u2019\u00e9couter les questions qui surgissent de parcours d\u2019existence, et d\u2019une rencontre entre patients et psy. La r\u00e9flexion, souvent, c\u00e8de le pas au r\u00e9cit. Dans une polyphonie de singularit\u00e9s, les sujets s\u2019y inventent comme s\u2019ils construisaient un roman, se d\u00e9couvrent au fil d\u2019improvisations th\u00e9\u00e2trales, s\u2019ouvrent \u00e0 des \u00e9changes collectifs \u2013 o\u00f9 se d\u00e9ploie leur d\u00e9sir de reliance.<br>Au passage, la psychanalyse, en ce qu\u2019elle peut avoir de r\u00e9ducteur vis-\u00e0-vis de l\u2019\u00e9lan religieux, s\u2019y voit confront\u00e9e \u00e0 d\u2019autres conceptions du sujet, notamment issues de la philosophie, ou de certaines spiritualit\u00e9s orientales.<\/p>\n\n\n\n<p class=\"has-text-align-center\"><strong><a href=\"http:\/\/sandrinewillems.com\/?page_id=1349\" data-type=\"page\" data-id=\"1349\">Lire un extrait<br><\/a><\/strong><\/p>\n\n\n\n<hr class=\"wp-block-separator has-alpha-channel-opacity\"\/>\n\n\n\n<p><br><strong>La parole comme voie spirituelle<\/strong><\/p>\n\n\n<div class=\"wp-block-image\">\n<figure class=\"aligncenter size-full is-resized\"><img decoding=\"async\" loading=\"lazy\" src=\"http:\/\/sandrinewillems.com\/wp-content\/uploads\/2023\/07\/spirit-couv-parole-comme-voix-spirituelle-1.jpg\" alt=\"\" class=\"wp-image-1040\" width=\"223\" height=\"333\" srcset=\"http:\/\/sandrinewillems.com\/wp-content\/uploads\/2023\/07\/spirit-couv-parole-comme-voix-spirituelle-1.jpg 393w, http:\/\/sandrinewillems.com\/wp-content\/uploads\/2023\/07\/spirit-couv-parole-comme-voix-spirituelle-1-201x300.jpg 201w\" sizes=\"(max-width: 223px) 85vw, 223px\" \/><\/figure><\/div>\n\n\n<p><br>Loin de l\u2019anthropocentrisme qui depuis quelques si\u00e8cles r\u00e8gne en Occident, dans l\u2019Inde ancienne la parole est tenue pour une force qui irrigue toutes les strates de l\u2019\u00eatre, de l\u2019\u00e9l\u00e9mentaire au divin en passant par le v\u00e9g\u00e9tal et l\u2019animal. Au lieu de nous s\u00e9parer du non-humain, elle devient alors ce qui nous y relie \u2013 tout en se reliant elle-m\u00eame aux bruissements du monde non moins qu\u2019\u00e0 la musique. Dans cette perspective, le chanteur s\u2019accorde aux oiseaux, le po\u00e8te r\u00e9v\u00e8le les correspondances qui unissent l\u2019infime au large, et le c\u0153ur de l\u2019homme co\u00efncide avec celui de l\u2019univers.<br>L\u2019Inde vient par l\u00e0 nous rappeler qu\u2019un cheminement spirituel peut prendre la forme d\u2019une qu\u00eate esth\u00e9tique. Le d\u00e9passement de l\u2019\u00e9gocentrisme n\u2019y passe plus par l\u2019imp\u00e9ratif de se rendre utile, mais par une joie devant la beaut\u00e9 qui, comme la vie, se donne pour rien.<br>Nourrie par la pratique du yoga, du chant classique de l\u2019Inde et des mantras, cette interrogation revient aux textes fondateurs de diff\u00e9rents courants de pens\u00e9e indiens, des V\u00e9das aux Tantras. Et elle les met en r\u00e9sonance avec certains mystiques et philosophes occidentaux, comme avec des th\u00e9rapeutes de l\u2019\u00e2me qui en appellent aussi \u00e0 la puissance de la parole.<\/p>\n\n\n\n<p class=\"has-text-align-center\"><strong><a href=\"http:\/\/sandrinewillems.com\/?page_id=1377\" data-type=\"page\" data-id=\"1377\">Lire un extrait<\/a><\/strong><\/p>\n\n\n\n<p><\/p>\n","protected":false},"excerpt":{"rendered":"<p>L\u2019animal \u00e0 l\u2019\u00e2me Au croisement de la philosophie, de l\u2019\u00e9thologie et de la psychanalyse, ce livre explore la diversit\u00e9 des psychoth\u00e9rapies accompagn\u00e9es par des animaux, et interroge leurs fondements. Loin de se r\u00e9duire \u00e0 de simples substituts affectifs, objets de nos projections, il y appara\u00eet que les animaux sont de v\u00e9ritables sujets, dot\u00e9s de vie &hellip; <a href=\"http:\/\/sandrinewillems.com\/?page_id=1126\" class=\"more-link\">Continuer la lecture<span class=\"screen-reader-text\"> de &laquo;&nbsp;Livres publi\u00e9s li\u00e9s au travail psy&nbsp;&raquo;<\/span><\/a><\/p>\n","protected":false},"author":1,"featured_media":0,"parent":0,"menu_order":0,"comment_status":"closed","ping_status":"closed","template":"","meta":[],"_links":{"self":[{"href":"http:\/\/sandrinewillems.com\/index.php?rest_route=\/wp\/v2\/pages\/1126"}],"collection":[{"href":"http:\/\/sandrinewillems.com\/index.php?rest_route=\/wp\/v2\/pages"}],"about":[{"href":"http:\/\/sandrinewillems.com\/index.php?rest_route=\/wp\/v2\/types\/page"}],"author":[{"embeddable":true,"href":"http:\/\/sandrinewillems.com\/index.php?rest_route=\/wp\/v2\/users\/1"}],"replies":[{"embeddable":true,"href":"http:\/\/sandrinewillems.com\/index.php?rest_route=%2Fwp%2Fv2%2Fcomments&post=1126"}],"version-history":[{"count":20,"href":"http:\/\/sandrinewillems.com\/index.php?rest_route=\/wp\/v2\/pages\/1126\/revisions"}],"predecessor-version":[{"id":1385,"href":"http:\/\/sandrinewillems.com\/index.php?rest_route=\/wp\/v2\/pages\/1126\/revisions\/1385"}],"wp:attachment":[{"href":"http:\/\/sandrinewillems.com\/index.php?rest_route=%2Fwp%2Fv2%2Fmedia&parent=1126"}],"curies":[{"name":"wp","href":"https:\/\/api.w.org\/{rel}","templated":true}]}}